 + -1 - 5*(-6 - -4)?
8
Calculate the remainder when ((-204)/(-24))/(2/8) is divided by (0 - 548/(-36) - 1) + (-8)/36.
6
Let q(b) = 26*b**2 - 28*b - 18. Let k(y) = -9*y**2 + 10*y + 6. Let o(z) = 17*k(z) + 6*q(z). What is the remainder when 48 is divided by o(2)?
8
Suppose 13*u + 323 - 921 = 0. Suppose 5472 = u*k - 14*k. Calculate the remainder when k is divided by (3 - 3) + 0 + 43.
42
Let h = 6599 - 6039. Calculate the remainder when h is divided by 72.
56
Let q(x) = -5*x - 2*x + x**3 - 4*x - 3 - 11*x**2. Suppose -61 - 35 = -8*p. What is the remainder when 35 is divided by q(p)?
8
Suppose -z + 175452 = 11*z - 18588. Calculate the remainder when z is divided by 9.
6
Let n = -5069 - -6038. What is the remainder when n is divided by 61?
54
Let p(m) = -2*m**3 + 2*m**2 + 1. Let l be p(2). Let n = -34 + 45. Calculate the remainder when l/((-3)/(1 + 8)) is divided by n.
10
Let v = 147 + -122. Suppose 23*y + v*y - 18672 = 0. Calculate the remainder when y is divided by 14.
11
Suppose 0 = -2*i + 5 + 13. Let z(x) = -2*x - 2. Let k(g) = 25*g - 50. Let h(f) = -k(f) + 2*z(f). What is the remainder when h(1) is divided by i?
8
What is the remainder when 988 is divided by (5 + -9)/(16/8) + 45?
42
Let z(u) = -58*u - 1. Let h be z(-2). Suppose -4*f = 3*x + 18, -2*x - 5*f - 1 = 25. Suppose h = -x*n + 7*n. What is the remainder when 68 is divided by n?
22
Suppose 5 - 22 = -17*u. What is the remainder when 59 is divided by -2*u*568/(-71)?
11
Suppose -632*o = -630*o - 14, 5*p - o = 113. What is the remainder when 1312 is divided by p?
16
Let u = 28 + -16. Let d = 576 + -893. Let w = d - -424. What is the remainder when w is divided by u?
11
Let u(h) = -h**3 + 20*h**2 - 8*h - 72. What is the remainder when u(17) is divided by 37?
30
Suppose 5*i - 1 = 4*u - 0*u, 4*i + 2*u - 6 = 0. Let c(j) = 24*j**2 + j. Let k be c(i). Let n = k + 7. Calculate the remainder when n is divided by 11.
10
Let f = -14005 - -14019. What is the remainder when 2447 is divided by f?
11
Let h(r) = -r**3 - r**2 - r + 4. Suppose -o = -o - o. What is the remainder when 500/35 - (-2)/(-7) is divided by h(o)?
2
Let v be 2*4/8*-1 + 298. Calculate the remainder when v/4 - (-3)/(-12) is divided by 10.
4
Suppose -419*m - 1 = -420*m, 3*t - 4*m - 578 = 0. Suppose 3*s = -3*f + 144, -5*f - 2*s + 252 = -3*s. What is the remainder when t is divided by f?
44
Let w(u) = 125*u + 3. Calculate the remainder when w(5) is divided by 26.
4
Suppose 3*h - h + 3*x = 630, -4*h + 5*x + 1216 = 0. Calculate the remainder when h is divided by 28.
1
Let n = -1 - -1. Suppose -i + h + 50 = n, 28 = i + h - 16. Calculate the remainder when i is divided by ((-6)/4)/(16/(-128)).
11
Let n(q) = -5*q**2 + 76*q + 26. Calculate the remainder when n(8) is divided by 85.
59
Let w(o) = 127*o - 3505. What is the remainder when w(56) is divided by 11?
10
Let f(u) = -u**3 + 8*u**2 + 48*u - 121. Calculate the remainder when 457 is divided by f(10).
139
Let t(g) = -541*g - 25946. Calculate the remainder when -263*(1 + -3 + 1) is divided by t(-48).
21
Suppose 8*s = 5*s + 15. Let v be 2/s + 5965/25. Suppose -5*z - 39 = -v. Calculate the remainder when z is divided by 14.
12
Let v = 72 - 79. Let x = 26 + v. What is the remainder when 86 is divided by x?
10
Let p(f) = -f**3 + 7*f**2 - 7*f - 1. Let x = 271 + -257. Suppose x*h = 489 + 71. Calculate the remainder when h is divided by p(5).
12
Suppose 537 = 27*u - 138. Suppose -8 = -4*w - 0*w. Suppose 6*s - w*s - 28 = 0. Calculate the remainder when u is divided by s.
4
Let s(b) = -602*b + 893. What is the remainder when 892 is divided by s(1)?
19
Suppose -m = 2*z - 13, -4*m - 3*z + 8 = -6*z. Suppose 5*y = -5*j + 90, m*j + 3*y - 5*y = 62. Calculate the remainder when 21 is divided by j.
7
Suppose -3*q = 4*b - 83, 2*b - 3*q - 16 = 21. Calculate the remainder when 108 is divided by b.
8
Let u(q) = q**3 - 52*q**2 - 45*q - 386. What is the remainder when 295 is divided by u(53)?
29
Suppose -5*t + 3*t - 4 = -5*a, -6 = -3*a. What is the remainder when 220 is divided by t?
1
Let v(b) = -120*b + 11. Let h be (-18)/10 + (-2)/10*1. Calculate the remainder when v(h) is divided by 21.
20
Let m be (2058/(-63))/((-2)/3). Let z = m - 32. Calculate the remainder when 59 is divided by z.
8
Let v(d) = 41*d + 200. What is the remainder when v(16) is divided by 86?
82
Suppose 0 = -186*j + 178*j - 24. What is the remainder when 84 is divided by (11 + -28)/(j + 2)?
16
Let a(h) = -39*h**2 - 789*h - 24. Calculate the remainder when 6550 is divided by a(-20).
154
Let h = 1173 + -1156. Calculate the remainder when 2920 is divided by h.
13
Suppose -6*k + 9*k - 2712 = -5*k. Calculate the remainder when k is divided by 106.
21
Let j = 1928 - 1895. What is the remainder when 946 is divided by j?
22
Suppose -5*k = -2*s - 17, k = -s - k + 5. Let o be -1*s/(-2)*(-14)/7. Calculate the remainder when 7 is divided by (o - 5*2)*11/(-33).
1
What is the remainder when 766 is divided by 28/42 + 460/12 + -3 + -4?
30
Suppose -3975 = -z + 6*z - 5*f, -f = -5. Let w = z - -485. What is the remainder when 90 is divided by 8/10 - w/25?
12
Calculate the remainder when (-152*1/2)/(-6*(-10)/(-15)) is divided by -2 + 1 - 1*-10.
1
Let d(y) be the first derivative of -5*y**2 - y + 1. Let r(j) = j**3 + j**2 - 5*j - 4. Let w be r(0). Calculate the remainder when 154 is divided by d(w).
37
Suppose -89 = 3*r - 29. Let d = -24 - r. Let n = 13 + d. What is the remainder when n is divided by 4?
1
Let h = -112 + 72. Let g be 5 + 288/(-54)*-3*7. Let a = g + h. Calculate the remainder when a is divided by 39.
38
Let h be 2 - (2 - 8/2). Suppose -619 = -r + 3*m + 171, h*r - 5*m - 3167 = 0. What is the remainder when r is divided by 15?
13
Suppose 4*n - f + 149 = -0*f, 0 = -n + 4*f - 41. Let v(k) = k**3 - 4*k**2 + 2*k + 6. Let c be v(5). Let j = n + c. What is the remainder when 6 is divided by j?
2
Suppose -7392 = -k + 4*i + 2101, -10*k = 4*i - 95018. Calculate the remainder when k is divided by 22.
19
Let y(d) = d**2 - 4*d + 2. Let o be y(4). Suppose o*w - 192 = -2*k, -117 = -4*k + 5*w + 249. What is the remainder when k is divided by 25?
19
Suppose -9026 = -50*j + 7474. What is the remainder when 419 is divided by j?
89
Suppose -390 = 3*l - 3*n, 2*l - n = -3*n - 244. Let j be 134*(45/18)/(-1 + 24/(-6)). Let m = j - l. Calculate the remainder when m is divided by 20.
19
Let n(l) = -2*l**3 + 11*l**2 + 36*l - 36. Calculate the remainder when 343 is divided by n(7).
67
Let b = -32 + 56. Suppose u + 1735 + 2486 = 64*u. Calculate the remainder when u is divided by b.
19
Let a(r) = -2*r**3 - 23*r**2 - 70*r - 5. Calculate the remainder when 760 is divided by a(-8).
11
Let g = -6251 + 7139. Calculate the remainder when g is divided by 22.
8
Let o be ((-15)/6)/(-5)*0. Let i = 3 + o. Suppose 87 = i*x + 3. What is the remainder when 111 is divided by x?
27
Let o be 13/(-2)*(-1 + (-270 - -3)). Suppose -27*b + b = -o. Calculate the remainder when b is divided by 23.
21
Suppose -10*q + 5*q + 391 = -13*p, 0 = -5*q + 2*p + 424. Calculate the remainder when 624 is divided by q.
22
Suppose -63*w = -23*w. Suppose w = 3*c - 90 - 447. Calculate the remainder when c is divided by 14.
11
Let c(q) = 5*q**2 + 120*q + 622. Let v be (-1 - 0) + 3 + -2. Let k(x) = x**3 - x**2 + 130. What is the remainder when k(v) is divided by c(-17)?
22
Suppose 21*v - 28*v + 392 = 0. Suppose 0 = w - 6 - 4. Let o(d) = 3*d - 20. What is the remainder when v is divided by o(w)?
6
Suppose 3*b - 81 = -3*v, 17*b + v = 12*b + 131. Calculate the remainder when 172 is divided by b.
16
Let i(b) = -b**3 + 12*b**2 + 29*b - 9. Let c be i(13). What is the remainder when 285 is divided by 12/21 - c/(-7)?
24
Let h = -74 + 45. Let d = -20 - h. Let v = 310 - 212. What is the remainder when v is divided by d?
8
Suppose 6*i = 5*v - 1332, -4*v + 46*i = 48*i - 1086. Suppose -2*d - 13 + 45 = 0. What is the remainder when v is divided by d?
14
Let l = 679 + -1531. Let o = -811 - l. Calculate the remainder when o is divided by 5.
1
Let p be 9/36 - 1/4. Suppose -2*o - 6 = p, -5*k - 3*o - 11 + 97 = 0. Suppose -76 = -2*y - 6. Calculate the remainder when y is divided by k.
16
Suppose 121*k - 132399 = 187404. What is the remainder when k is divided by 132?
3
Let q be (-4)/((-220)/(-215)) + 4/(-44). Calculate the remainder when 216